n 6/(1/4*u) is divided by 14.
10
Let b(i) = 4*i**2 - 10*i + i**3 - 12*i**2 - 6 + 3*i. Calculate the remainder when 45 is divided by b(9).
9
Let l be (-4 + 5)/(3/(-9)). What is the remainder when 51 is divided by (-2)/(l + (-52)/(-18))?
15
Suppose 400 = 242*a - 234*a. Calculate the remainder when 598 is divided by a.
48
Suppose 2*s = 5*r + 28 + 37, 3*s + 3*r - 150 = 0. Calculate the remainder when s is divided by 24.
21
Suppose 16*a = 18*a. Let n be 36 - (2 + a) - -3. Suppose 0 = -0*g - g + n. What is the remainder when g is divided by 13?
11
Let b = 1493 - 1415. What is the remainder when b is divided by 61?
17
Let a be 0*((-25)/5 - -4). Suppose o = 4*u - a*u - 175, -178 = -4*u + 2*o. Let q(b) = 3*b - 4. Calculate the remainder when u is divided by q(5).
10
Suppose 4*o + 4*q = -o + 3, 3*q - 6 = -5*o. What is the remainder when 23 is divided by ((-14)/1 + o)*-1?
1
Let b be (13/((-26)/(-12)))/((-1)/11). Let c = b - -83. Suppose -o - 2*v - 96 = -4*o, 4*o = 2*v + 128. What is the remainder when o is divided by c?
15
Suppose -g + 3*g = -u - 41, -4*u - 164 = -5*g. Calculate the remainder when (1 + 4)/(-5) - u is divided by 14.
12
Let t(y) = y**2 + 3*y + 4. Let i be t(-4). Suppose -783 = 5*k - i*k. Suppose -5*g + k = -54. What is the remainder when g is divided by 22?
19
Let s(o) = -o**3 - 16*o**2 - 17*o - 19. Let v = 19 - 33. Let u = v + -1. Calculate the remainder when s(u) is divided by 7.
4
Let i = 118 - -62. Let r = 0 + 0. Suppose 4*j = -r*j + i. What is the remainder when j is divided by 16?
13
Let w(r) = 2*r**2 + r + 1. Let j be w(-1). Suppose 0 = j*k - 4*b - 10, 0*b = -3*k - 3*b + 42. Calculate the remainder when (290/20)/(12/24) is divided by k.
7
Let t(c) = -c**3 + 27*c**2 - 2*c + 63. Suppose -4*w = -2*x - 110, -3*x + 138 = 5*w - 6*x. What is the remainder when t(w) is divided by 4?
1
Suppose 3*g - 12 = -g. Let m(t) = -t**3 - 11*t**2 - 10*t + 4. Let k be m(-10). Let s = 3 + k. Calculate the remainder when s is divided by g.
1
Suppose -1830 - 415 = -5*y. Calculate the remainder when y is divided by 15.
14
Suppose 0 = 4*z - 2*b - 898, 2*z - 443 = 11*b - 12*b. Calculate the remainder when z is divided by 25.
23
Calculate the remainder when 91920/400 + (-2)/(-10) is divided by 58.
56
Let k(p) = p**3 - p**2 + p + 1. Let v be k(0). What is the remainder when 64 is divided by v/(-4 + 138/34)?
13
Suppose 5*r - 134 = -3*o, -4*r - 157 - 43 = -4*o. Calculate the remainder when o is divided by 17.
14
Let y(c) = 13*c - 14. Let k(w) = 2*w - 2. Let p be k(3). Calculate the remainder when 74 is divided by y(p).
36
Suppose -t + 12 = 5*s - 2*t, -s = t. Let l(x) = 9*x**2 + x - 7. Calculate the remainder when l(-3) is divided by 0/((-6)/s) - -18.
17
Let b(p) = -p + 58. Let f = 56 - 47. What is the remainder when b(f) is divided by (-50)/(-2)*3/3?
24
Let u(g) = -70*g + 6 - 1 + 74*g. What is the remainder when u(11) is divided by 13?
10
Let h(q) be the first derivative of -q**4/2 + 4*q**3/3 + 3*q**2/2 + 4*q - 6. What is the remainder when h(-3) is divided by 42/35*(-110)/(-6)?
19
Let m(z) = -z**2 + 72*z - 95. Calculate the remainder when m(69) is divided by 45.
22
Let k = 6 + 65. What is the remainder when k is divided by 4?
3
Suppose 40*w + 499 = 43*w + x, 3*x = 5*w - 813. What is the remainder when w is divided by 148?
17
Let n = -16 - -87. Let f(m) = -m**3 - 7*m**2 + 2*m - 35. What is the remainder when n is divided by f(-8)?
6
Suppose -2*v - 5*p + 148 = 0, p = 3*v + 6*p - 227. Let b = v - 77. What is the remainder when 12 is divided by b?
0
Let t = 25 + -22. Suppose 21 = t*z - 3. What is the remainder when 22 is divided by z?
6
Suppose 4*b - 292 = a, -5*b + 108 = -5*a - 272. What is the remainder when b is divided by 297/55 + 4/(-10)?
2
Let k(c) = 6*c + 128. What is the remainder when 124 is divided by k(-16)?
28
Suppose -2*f + 226 = -4*w, 2*f + 320 = -5*w - 3*f. Let a = -41 - w. Calculate the remainder when 2 - (-1 + (-33 - -2)) is divided by a.
16
Calculate the remainder when (-9142)/(-22) + (-30)/55*1 is divided by 52.
51
Suppose 5*b = 4*t + 17, 3*t + 3*b + 2 = 23. Suppose a + 31 = 3*h, 5*a + t*h - 4*h = -116. Let v = a + 25. What is the remainder when 11 is divided by v?
2
Let v = 8 + -8. Suppose v*w + 4*w = 40. Suppose 5*j - h = 1 + w, -5 = -3*j + h. Calculate the remainder when 8 is divided by j.
2
Let s = 0 + 16. Calculate the remainder when (231/(-44))/((-3)/s) is divided by 11.
6
Calculate the remainder when (-72)/15*(25/10)/(-1) is divided by 5.
2
Let s(p) = 2*p**3 - 7*p**2 + 13*p + 7. Let h(t) = t**3 - t**2 - t + 1. Let r(g) = 3*h(g) - s(g). What is the remainder when r(-6) is divided by 12?
8
Let y(r) = 14*r + 243. Suppose 0 = -0*i + 2*i - 4*c - 52, -5*i = 4*c - 74. What is the remainder when y(-15) is divided by i?
15
Suppose 0 = -2*r + 3*g + 101, 383*r - 378*r + 5*g = 215. What is the remainder when r is divided by 38?
8
Suppose -2*k = 53 - 249. What is the remainder when 978 is divided by k?
96
Suppose -5*b + 25 = 0, 2*t + b - 74 = -3*b. What is the remainder when 295 is divided by t?
25
What is the remainder when ((-231)/(-22) - 9)*356/6 is divided by 45?
44
Suppose 0*f - 2*f + 136 = 0. Let o(i) = -i**2 - 82*i - 763. Calculate the remainder when f is divided by o(-11).
14
Suppose -11*g + 104 + 226 = 0. What is the remainder when g is divided by 1?
0
Suppose 5*t = 3*l + 30, 4*l = -0*t - 2*t - 14. Suppose t = -x + 11. Calculate the remainder when x is divided by 2.
0
Let c(o) = -4*o**3 + o**2 - o - 5. Let r be c(3). Let n = 119 + r. What is the remainder when n is divided by 8?
4
Suppose 6*k = k + 25. Calculate the remainder when (-7 + 4 - -2)*-39 is divided by k.
4
Suppose -4*t + 3*t + 24 = 3*m, 4*t = -3*m + 33. Calculate the remainder when 72 is divided by m.
2
Let s = 48 - 80. Let w = -10 - s. Suppose 0 = d - 0*d - 43. Calculate the remainder when d is divided by w.
21
Let t(h) = h**3 + 4*h**2 - 4*h - 1. Let a = 17 + -21. Calculate the remainder when 104 is divided by t(a).
14
Suppose -3*q - 66 = -84. Calculate the remainder when 38 is divided by q.
2
Suppose 0 = -123*p + 126*p - 63. What is the remainder when 132 is divided by p?
6
Let w(v) = 15*v - 134. What is the remainder when 112 is divided by w(12)?
20
Suppose -3*z - 1 = -b + 9, -18 = -b + 5*z. Calculate the remainder when (-5)/(10/(-6))*5 is divided by (2/(-3))/(b/18).
3
Suppose 3*u - 131 = -2*u + 2*c, 0 = -c + 2. Suppose 11*o + 1980 = 12*o + 14*o. What is the remainder when o is divided by u?
24
Let l = -52 - -69. Let m = -33 - -83. What is the remainder when m is divided by l?
16
Let q(b) = b**3 + 6*b**2 - 7*b + 5. What is the remainder when q(-7) is divided by (-26)/(-8) - 5/20?
2
Suppose 0*x + 2*x + 6 = -4*g, 2*g = 2*x + 18. Let m(r) = r**3 - 4*r**2 + 5*r - 5. Let z be m(4). Let n = x + z. Calculate the remainder when 20 is divided by n.
4
Let r be -5*1 - 18/(-2). Suppose 0 = 11*w - 7*w + r*g - 84, 3*w - g - 51 = 0. What is the remainder when 123 is divided by w?
15
Let o(q) = -q**3 - 26*q**2 + 32*q + 171. What is the remainder when 177 is divided by o(-27)?
33
Suppose 8*q - 11743 = -2319. Calculate the remainder when q is divided by 118.
116
Let j = 56 + -19. Let r = -24 + j. Calculate the remainder when 35 is divided by r.
9
Let o = 100 - 78. Let v(t) = -t**3 + 24*t**2 - 43*t - 8. What is the remainder when 94 is divided by v(o)?
10
Let p(l) = l**3 + 11*l**2 + 10*l - 2. Suppose 0 = -6*o + o - 50. Let j be p(o). What is the remainder when j + (-1)/(4/(-52)) is divided by 3?
2
Let v(m) = -3*m + 3. Suppose 3*n = 6*n - 5*t - 199, 3*n = -5*t + 179. Let z = 114 - n. What is the remainder when z is divided by v(-5)?
15
Let d = 3 - 3. Suppose 2*z - 24 - 4 = d. Calculate the remainder when 53 is divided by z.
11
Let b be 2/(-3)*3 - 0. Let p = b - 13. Let u = p - -19. Calculate the remainder when 15 is divided by u.
3
Let y = -14 + 20. Let d be y/((-84)/32 + 3). Let c = -1 + d. What is the remainder when 57 is divided by c?
12
Suppose 285 = 2*v + v. Calculate the remainder when v is divided by ((-236)/59)/(1/(-6)).
23
Suppose 0 = 4*d - 99 - 41. Let z = 174 + -38. Calculate the remainder when z is divided by d.
31
Calculate the remainder when 79 is divided by (-4)/1 + 103 + -67.
15
Let m(z) = -z**3 - 7*z**2 + 6*z. Let q = -1046 - -1056. Calculate the remainder when m(-8) is divided b